
12
Let a(i) = 418*i**2 - 9667*i + 1291. Calculate a(23).
72
Let y(k) = 15*k**3 - 7*k**2 - 19*k - 41. What is y(-5)?
-1996
Let w(o) = 2761*o + 140605. What is w(-51)?
-206
Let x(c) = 8*c**2 + 462*c + 6467. Give x(-42).
1175
Let x(m) = -297809*m - 1489085. Calculate x(-5).
-40
Let d(s) = 11942*s - 71856. Determine d(6).
-204
Let h(s) = -2*s**3 - 16*s**2 - 6998*s - 20927. Determine h(-3).
-23
Let b(w) = -w**3 - 22*w**2 + 99*w - 7. What is b(11)?
-2911
Let s(y) = y**3 + 27*y**2 + 137*y - 215. Give s(-9).
10
Let m(n) = 11986*n - 71935. Determine m(6).
-19
Let t(q) = -2442*q + 61058. Determine t(25).
8
Let m(v) = 2*v**3 + 102*v**2 + 199*v + 124. Calculate m(-49).
-23
Let s(h) = 199083*h + 3384456. Give s(-17).
45
Let l(y) = -y**3 + 67*y**2 + 162*y - 1615. Determine l(-6).
41
Let z(o) = 2*o**3 - 44*o**2 + 249*o - 8. What is z(10)?
82
Let c(b) = 1045709*b + 6274255. Determine c(-6).
1
Let n(s) = -2*s**3 + 425*s**2 - 12128*s - 372. Give n(34).
-32
Let b(a) = -a**3 + 99*a**2 - 386*a + 998. Calculate b(95).
428
Let k(w) = -5596*w - 453264. Calculate k(-81).
12
Let v(c) = 197*c + 2907. Give v(-12).
543
Let w(l) = -2*l**3 - 62*l**2 - 424*l - 84. Determine w(-21).
0
Let n(j) = -117*j + 1430. What is n(12)?
26
Let h(r) = -633481*r + 3800886. What is h(6)?
0
Let i(y) = -3*y**3 + 73*y**2 - 91*y + 3530. What is i(25)?
5
Let m(t) = -13*t**2 + 123*t + 917. Calculate m(-7).
-581
Let h(a) = 645*a - 46821. Calculate h(72).
-381
Let c(o) = 2*o**2 - 287*o - 90248. Calculate c(296).
32
Let z(d) = -2*d**2 - 328*d - 2999. Calculate z(-9).
-209
Let z(h) = -678*h - 10024. Give z(-15).
146
Let w(u) = -9*u**2 - 284*u + 425. Give w(-33).
-4
Let v(x) = -x**3 - 39*x**2 - 626*x - 24096. Calculate v(-39).
318
Let j(t) = 11*t**3 + 1074*t**2 + 679*t + 222. Determine j(-97).
222
Let m(l) = 3*l**3 + 26*l**2 + 83*l + 1284. Determine m(-12).
-1152
Let l(w) = 11735*w + 35490. Determine l(-3).
285
Let p(h) = 2*h**3 - 407*h**2 - 1648*h + 41189. Determine p(207).
-4
Let q(c) = -3501*c + 111359. What is q(31)?
2828
Let i(f) = 9227*f - 451932. Determine i(49).
191
Let g(o) = -3*o**3 + 859*o**2 - 2734*o - 27160. Determine g(283).
8
Let z(r) = -4*r**3 - 23*r**2 - 8*r + 6. What is z(-6)?
90
Let x(y) = -2*y**3 + 231*y**2 - 132*y + 237. Calculate x(115).
-1718
Let d(k) = 7*k**2 + 10030*k + 207520. Give d(-21).
-23
Let f(q) = -584*q + 6557. Give f(15).
-2203
Let f(y) = y**3 - 103*y**2 + 149*y + 5344. What is f(101)?
-9
Let n(z) = z**2 - 337*z + 25984. Determine n(221).
348
Let m(z) = z**2 - 6891*z + 41306. What is m(6)?
-4
Let o(f) = f**3 - 56*f**2 - 454*f + 772. Calculate o(63).
-47
Let r(w) = 4*w**2 - 1611*w - 50537. Determine r(432).
7
Let h(x) = 3*x**2 + 529*x + 8151. Determine h(-17).
25
Let z(b) = -2*b**2 + 271*b - 8000. Give z(44).
52
Let m(j) = -80*j**2 + 9383*j + 284. Give m(117).
2975
Let w(f) = 2*f**2 + 360*f - 25272. What is w(54)?
0
Let h(z) = -z**2 - 496*z - 46740. Calculate h(-370).
-120
Let b(k) = 13*k**2 + 383*k + 1142. Calculate b(-3).
110
Let t(o) = o**3 + 39*o**2 + 140*o - 118. Determine t(-35).
-118
Let c(i) = -6187*i**2 + 18562*i - 8. Determine c(3).
-5
Let l(k) = 8*k**2 + 1019*k - 3127. Give l(3).
2
Let v(w) = 183*w**2 + 1489*w + 76. Give v(-8).
-124
Let o(x) = 4*x**3 + 3761*x**2 + 7548*x + 69. What is o(-2)?
-15
Let p(g) = -g**3 - 11*g**2 + 225*g + 47. Calculate p(-21).
-268
Let g(t) = -t**3 + 404*t**2 - 2428*t + 3329. Give g(4).
17
Let z(k) = -k**2 - 1463*k + 16170. Calculate z(11).
-44
Let c(f) = f**3 - 727*f**2 + 114577*f - 492. Calculate c(496).
4
Let i(p) = 1547*p - 24740. Give i(16).
12
Let k(r) = r**2 - 4377*r - 17528. Determine k(-4).
-4
Let y(a) = -220*a + 9431. Calculate y(47).
-909
Let r(s) = -4*s**2 - 285*s - 4617. What is r(-25)?
8
Let l(s) = -s**3 + 148*s**2 + 8206*s + 659. Determine l(191).
-678
Let c(z) = -z**2 - 21288*z + 1088259. Determine c(51).
-30
Let h(t) = 437*t + 61620. Determine h(-141).
3
Let q(g) = -3020*g**2 - 625138*g + 355. Give q(-207).
-59
Let d(f) = -5*f**3 - 1415*f**2 + 35*f + 9932. What is d(-283)?
27
Let x(o) = 5*o**2 - 1368*o + 6151. Give x(269).
-36
Let y(f) = -4*f**3 + 204*f**2 - 1874*f + 52742. What is y(47)?
8
Let a(b) = 6675*b - 4619100. What is a(692)?
0
Let r(m) = -25721*m + 771604. What is r(30)?
-26
Let c(y) = -y**3 - 846*y**2 - 10963*y - 111618. Determine c(-833).
4
Let z(q) = -1478962*q - 4436866. Calculate z(-3).
20
Let j(o) = -o**3 + 154*o**2 + 631*o + 174. Calculate j(158).
16
Let g(h) = -h**2 - 12228*h - 487525. Calculate g(-40).
-5
Let t(x) = -x**3 + 55*x**2 - 164*x - 4149. What is t(50)?
151
Let k(d) = -1887*d + 53935. Determine k(28).
1099
Let o(j) = -2631*j - 14996. Calculate o(-6).
790
Let p(j) = 109*j + 2011. Give p(-17).
158
Let r(z) = -183*z - 23540. Give r(-127).
-299
Let v(c) = -3*c**2 + 593*c + 156443. What is v(-150)?
-7
Let k(y) = -46910*y + 10226370. Give k(218).
-10
Let v(k) = 785*k**2 - 2365*k - 21. What is v(3)?
-51
Let p(x) = 12769*x + 293615. What is p(-23)?
-72
Let i(b) = b**2 - 3929*b + 1148279. Determine i(318).
-19
Let k(f) = 11*f**2 + 3836*f - 7684. Give k(2).
32
Let j(a) = -1214*a**3 - 4849*a**2 + 14*a + 19. Determine j(-4).
75
Let d(c) = 4877*c + 29229. Determine d(-6).
-33
Let d(h) = -h**3 + 420*h**2 - 2492*h + 3320. What is d(414)?
8
Let i(t) = 2*t**2 + 306*t - 1939. Calculate i(6).
-31
Let g(d) = -5*d**2 + 2382*d - 97066. Give g(45).
-1
Let s(m) = -m**3 - 211*m**2 + 625*m + 42356. Calculate s(-213).
-31
Let x(v) = -178*v**2 - 1286*v - 219. Give x(-7).
61
Let j(r) = r**3 - 80*r**2 - 915*r + 1467. What is j(90)?
117
Let x(l) = 3*l**3 + 21*l**2 - 208*l - 1601. Give x(-5).
-411
Let h(w) = -13823*w - 2488153. Determine h(-180).
-13
Let s(x) = -22212*x + 399763. What is s(18)?
-53
Let u(x) = -846*x**3 + x**2 - 4. What is u(1)?
-849
Let r(c) = c**2 - 2219*c - 40226. Determine r(-18).
40
Let v(t) = -t**3 - 17*t**2 + 44*t - 42. Calculate v(-17).
-790
Let p(k) = -k**2 + 173*k + 2831. Give p(-17).
-399
Let k(h) = 3*h**2 - 341*h - 2156. Give k(-6).
-2
Let x(l) = 6614*l - 1044651. Give x(158).
361
Let l(n) = 4396*n**2 + 114262*n - 887. Calculate l(-26).
-3
Let n(p) = -1214*p - 2456. Determine n(-2).
-28
Let h(l) = -l**2 - 114*l - 2690. Give h(-83).
-117
Let y(k) = -638*k + 5102. What is y(8)?
-2
Let i(a) = -a**3 + 8*a**2 + 136*a - 1505. Calculate i(11).
-372
Let h(o) = 40*o**3 - 16759*o**2 - 414*o - 2089. What is h(419)?
6
Let y(w) = w**3 + 115*w**2 - 191*w + 5043. Give y(-117).
12
Let y(f) = -9*f**2 + 9246*f + 140718. Give y(-15).
3
Let p(r) = -r**2 + 2369*r + 211128. Give p(-86).
-2
Let j(m) = -29*m**2 + 2054*m - 1654. Give j(70).
26
Let x(n) = 2*n**3 + 464*n**2 - 473*n - 1628. What is x(-233)?
3
Let q(l) = -12244*l - 171385. Determine q(-14).
31
Let j(b) = b**3 + 5*b**2 - 158*b - 286. Calculate j(-16).
-574
Let l(p) = p**3 - 5*p**2 - 82*p - 1614. Calculate l(0).
-1614
Let h(u) = -233*u - 36424. Give h(-156).
-76
Let c(p) = 9*p**2 + 43*p - 1439. Calculate c(12).
373
Let l(c) = -2*c**3 - 98*c**2 - 727*c - 215. Determine l(-40).
65
Let t(g) = g**2 - 1785*g - 10677. Give t(-6).
69
Let a(l) = 7*l**3 - 56*l**2 - 567*l + 4661. What is a(8)?
125
Let f(z) = 65*z**2 + 1968*z - 1480. What is f(-31)?
-23
Let d(r) = 18833*r + 979322. Calculate d(-52).
6
Let h(t) = t**3 - 6*t**2 + 6272*t - 25057. Determine h(4).
-1
Let j(r) = r**3 - 343*r**2 - 737*r + 16220. What is j(345)?
5
Let t(i) = -i**3 - 112*i**2 - 1939*i - 2609. Calculate t(-91).
-61
Let w(y) = 4*y**2 + 2569*y + 20567. What is w(-8)?
271
Let f(s) = -1465*s**2 - 15412*s - 7619. Determine f(-10).
1
Let h(y) = -51*y**2 + 2906*y - 17836. Give h(7).
7
Let u(i) = -i**3 - 723*i**2 + 86946*i + 4966. What is u(-828)?
-2
Let f(p) = -12863*p - 192925. Determine f(-15).
20
Let j(q) = -25*q**2 - 14400*q - 53. Determine j(-576).
-53
Let g(a) = 198*a**2 - 1776*a - 46. What is g(9)?
8
Let l(w) = -w**3 - 17*w**2 + 1746*w - 3349. Determine l(-52).
499
Let x(j) = -208782*j - 7933720. Give x(-38).
-4
Let k(r) = -273*r + 21204. Determine k(76).
456
Let n(s) = s**3 - 301*s**2 - 2172*s + 4906. What is n(308)?
-22
Let g(a) = -208*a + 5616. Determine g(27).
0
Let t(b) = 15*b**2 - 24*b + 97. Calculate t(0).
97
Let g(c) = 38*c - 199. Determine g(0).
-199
Let o(j) = -153*j**2 - 52*j - 48. Determine o(-1).
-149
Let f(c) = 219*c - 21585. What is f(79)?
-4284
Let i(b) = -36515*b + 529